e
Let j be 2/20 + 92097/30. Let p be 0/2 + (2 - 0). Suppose p*m + j = 7*m. Is m a composite number?
True
Suppose -2*w + 528560 = 10*c - 8*c, -15 = 5*c. Is w a prime number?
True
Let r = 2501 + -1546. Is r a prime number?
False
Suppose -o = -9*o + 680. Let i = 87 - o. Suppose 3*a = 3*r + 4645 - 1372, -i*a - 5*r = -2154. Is a a prime number?
True
Suppose -157*q = 1041451 - 6112080. Is q a prime number?
True
Suppose g = -6*g - 35. Let y(m) = -m**3 + m**2 - m - 1. Let h(p) = 14*p**3 - 7*p**2 + 8*p + 2. Let u(l) = -h(l) - 5*y(l). Is u(g) a prime number?
True
Suppose -5*u = -4*y + 186381, 0 = 4*y + 16*u - 18*u - 186366. Is y prime?
True
Let w be 13651 - ((-5)/6)/(19/(-114)). Let i = -9375 + w. Is i prime?
True
Let p be (-3766152)/(-20)*(-105)/(-14). Suppose 0 = 25*z + 14*z - p. Is z composite?
True
Let t = 216130 + 221893. Is t a prime number?
False
Suppose -43515 = 5*b + 5*y, -5*b - y - 31242 = 12289. Let f = 16742 + b. Is f a prime number?
False
Let q(v) = -v**2 - 4*v + 23. Let d be q(-7). Let r be (-2 + -936 - d) + (10 - 10). Let k = r + 1581. Is k prime?
True
Suppose -45 = -10*a + a. Suppose 1 = 2*z - a*u + 7, z = 2*u - 2. Suppose -z*o = 3*o - 6985. Is o a composite number?
True
Let w = -109 + 116. Let k(r) = 28*r - 69. Is k(w) composite?
False
Let b be -1 - 39/(-33) - 124/(-44). Suppose -b*k = 14 + 112. Is (3 + k)*34/(-6) a composite number?
True
Suppose 5*o = -4*r - r + 30075, r - 5 = 0. Let i be 1/7 + (-650)/(-350) + 0. Suppose -7*j + i*j = -o. Is j prime?
False
Let g = -34321 - -59748. Is g prime?
False
Suppose 4*k + 4*k = 16. Suppose -k = -x - 0, 4*x = 2*d - 1466. Is d a composite number?
True
Suppose 3*u = -o - 0*o + 33, -u = 4*o - 11. Suppose 0 = 5*i - u*i + 6. Is 1245/(-45)*(-2 + -1)/i a composite number?
False
Suppose 0 = 3*r + 2*c + 19392 - 119789, -2*r + 66942 = 4*c. Is r prime?
False
Suppose 99 = 39*g - 6*g. Suppose m + 121706 = 4*q, 4*q + g*m - 121714 = -0*q. Is q composite?
False
Suppose -3*s - 124665 = -3*h + 82251, -s = 3*h - 206936. Is h prime?
False
Let b(k) = 42638*k - 1411. Is b(9) a prime number?
True
Let q(a) = 4*a**3 - 3*a**2 + 23*a - 48. Let b be q(10). Let r be (-28)/(-3) + (-3)/9. Suppose b = r*d - 4155. Is d a composite number?
True
Is (-17)/((-221)/(-182)) - -45495 a composite number?
False
Suppose -2*o = u - 78 - 579, 637 = 2*o - 3*u. Suppose o = -k + 1728. Suppose -652 = -2*i + k. Is i a composite number?
True
Let r(q) = -q**3 + 8*q**2 + 2*q - 16. Let p = 49 + -41. Let o be r(p). Suppose 3*b + 4*f - 6121 = o, -2*b = -0*b - 2*f - 4104. Is b a prime number?
False
Let d = 320 - -6921. Suppose -4*c = 9*c - d. Is c a prime number?
True
Suppose 0 = 28*q - 34*q + 1206. Let t = q - 112. Is t composite?
False
Let n(y) = -y**2. Let r(z) = 310*z**2 - 3*z + 5. Let u(t) = -3*n(t) + r(t). Let q be u(2). Suppose 0*b - q = -5*c - b, 3*c + b - 749 = 0. Is c a prime number?
True
Let f(b) = 400*b**2 - b + 35. Let j(l) = l**2 - 11*l + 20. Let t be j(8). Is f(t) composite?
True
Let w(g) = g**2 + 6*g - 3. Let k be w(-7). Is (22/20*-1468)/(k/(-10)) a composite number?
True
Suppose -7*b = -3*b. Suppose 4*r - 1872 - 3848 = b. Suppose r = -6*n + 7952. Is n a composite number?
False
Let s(w) = 2*w**3 - 10*w**2 - 10*w - 4. Let i be s(6). Is ((-26397)/(-6) + 2)/(i/16) a composite number?
False
Let k(t) = 83*t**3 + 20*t**2 - 23*t + 623. Is k(16) prime?
False
Let h(l) = 508*l**2 - 32*l - 11. Is h(-10) a composite number?
False
Let c(n) = 13*n**2 - 9*n. Let r be c(1). Let g be 10359/18 + 2/r. Suppose 3*w - 3*s = g, -4*s - 1 = 3. Is w composite?
False
Let f(l) = -l**3 + 2*l**2 - 4*l + 7. Let z be f(2). Let s be z - (-4 + 4 - 1)*3. Suppose 2*a = 4*c - 6*c + 800, s*c - 5*a = 779. Is c composite?
False
Let u(l) = -518*l + 252. Let q be u(-36). Suppose i - q = -y, -5 = y + 4*y. Is i composite?
True
Suppose 0*u = -5*u - 35. Let z(g) = g**3 + 6*g**2 - 10*g - 17. Let a be z(u). Suppose -x = -2, 3*c - x = a*c - 331. Is c a prime number?
False
Let i = -104109 + 147962. Is i a prime number?
True
Suppose 0 = -56*k + 52*k - 16, 0 = -5*b - 6*k + 1510231. Is b prime?
False
Let d(s) = 166*s**2 + 11*s - 8. Let y(g) = -3*g - 17. Let o be y(-7). Let t be d(o). Let c = t - 773. Is c a prime number?
False
Suppose 2*l + 2319 = -8965. Let f = l + 12199. Is f prime?
False
Suppose 738477 + 170508 = 5*s. Suppose 0 = 6*m - 39*m + s. Is m a prime number?
False
Let z(l) = -l**3 - 7*l**2 - 9*l - 17. Let w be z(-6). Let b be -4 + 15 + w + -2. Suppose -3*j + b = -356. Is j a prime number?
False
Let a = -7755 + 16174. Is a composite?
False
Let f(k) = -1 - 3451*k + 13 + 3398*k. Let y(v) = v**3 + 4*v**2 + v - 3. Let t be y(-4). Is f(t) a prime number?
True
Let p = 258476 + -121533. Is p a prime number?
True
Let z = 177 + -170. Let a(h) = -7*h**3 - 5*h**2 - 19*h. Let s(y) = -y**3 - y**2 - y - 1. Let k(d) = -a(d) + 6*s(d). Is k(z) a prime number?
True
Let x = -1862 + 6423. Is x a prime number?
True
Let t(a) = a**3 + a**2 - 2*a. Let d be t(1). Suppose d = r + y - 0*y - 5431, -2*r = -5*y - 10862. Is r prime?
True
Suppose -5*f + 2*m + 23 = 0, f = -2*f - 3*m + 18. Suppose 2*o + 4*y = -16, f*o + 5*y + 23 = 3. Suppose -8*s + 12344 = -o*s. Is s a composite number?
False
Let i(y) = -1553*y + 97. Let d(b) = -1551*b + 100. Let o(r) = -5*d(r) + 6*i(r). Is o(-5) a composite number?
True
Let g(k) be the second derivative of 4609*k**3/6 - 8*k**2 - 351*k. Is g(3) prime?
False
Let r(j) = -10 - 2 + 8*j - 4 + 6 - 2*j. Let y be ((-2 - 30)/2)/(-1). Is r(y) a composite number?
True
Let p be 9546/2 + (1 + -3 - -7). Suppose 2*q = 2*a - 4760, 0*q + p = 2*a + 4*q. Is a prime?
True
Suppose d - 3*t - 23723 = 0, -11*t - 47446 = -2*d - 16*t. Is d prime?
False
Suppose 0 = -0*d - 3*d + 384. Let a = -466 - -337. Let g = d - a. Is g prime?
True
Suppose 120*b - 114*b - 618 = 0. Suppose 0*v = 4*v - 368. Suppose d - 5*z - v = b, -4*d - 3*z + 826 = 0. Is d a prime number?
False
Suppose 3*o - 5*o - 2 = 0. Let l be 0 + -4*o/2 + 4. Suppose t - 252 = 3*p, 3*p + 282 = t + l*p. Is t a composite number?
True
Let w(o) = 580*o**3 + 13*o**2 + 49*o + 29. Is w(9) prime?
True
Suppose 551096 = 4*y - 4*u, 8*u = -y + 12*u + 137759. Is y composite?
True
Suppose 0 = -3*g - 24 - 3312. Let p = 1941 + g. Is p prime?
True
Let h(i) = 2*i + 19. Let z be h(-8). Suppose -329 = z*t - 12932. Is t prime?
True
Suppose 825789 = 440*y - 437*y. Is y a composite number?
False
Suppose -12 + 6 = -6*b. Suppose -9*q = 1 - b. Suppose q = -3*r - p - 4*p + 282, -5*r + 439 = -2*p. Is r a prime number?
True
Suppose -d + 6177 + 25516 = -3*i, -6*d + 190128 = -3*i. Is d a composite number?
False
Let l = 157 + -152. Suppose 2*t - 2*u = 0, u + 15 = l*t - u. Suppose 10382 = -t*h + 26917. Is h a prime number?
True
Let a = -712295 + 1064394. Is a composite?
True
Is ((-340)/476 - 4/14)*(-70591 - 2) a composite number?
True
Suppose -4 = -4*v, -r + v = -3698 - 1380. Is r prime?
False
Suppose -3334791 = -5*l - k, -3*k - 1333902 = -2*l - 7*k. Is l a composite number?
False
Let a = 4596613 - 1421016. Is a a composite number?
False
Let i(h) = -9*h**2 + h**3 + 3*h**3 + 4*h - 6 + 0*h**3. Let x = -327 - -334. Is i(x) a composite number?
False
Suppose -13*q - 4*q = 51. Let n(s) = -352*s**3 - s**2 - 11*s + 5. Is n(q) composite?
False
Let v(g) = 540686*g + 1377. Is v(1) a prime number?
True
Suppose 23*v - 144534 = 36*v. Let s = v - -19103. Is s a composite number?
True
Suppose -696369 = -4*m - 493633 + 1970588. Is m composite?
True
Suppose -983852 = -4*c + 4*v, 5*v - 394292 - 97648 = -2*c. Is c prime?
False
Let n be (-3)/2*(11/(-3) + 3). Is 5 + (n + -5 - -1834) prime?
False
Let x = 54806 + 1200077. Is x a prime number?
False
Suppose 16*t + 15938 = 18*t. Let r be ((-7)/(-2) + -3)*1966*4. Let z = t - r. Is z composite?
True
Let g(a) = a**2 + 4*a + 4. Let t be g(-4). Suppose -4*w + 0 = -z + 3, -4*w = t*z + 8. Is 3556/(-12)*w*3 prime?
False
Suppose 22*d - 155562 = 21164. Is d prime?
False
Let b be ((-10)/(-7) + -2)*-7. Suppose -m + 22 = b*p - p, 2*m = 5*p - 11. Suppose -10*w = -m*w - 894. Is w prime?
False
Suppose -66*q + 61*q = -2635. Let x = q - 328. Is x a composite number?
False
Suppose -16*b + 29*b + 104 = 0. Is b/12*(-77604)/8 a prime number?
False
Let k(t) = -t**2 - 16*t + 16. Let f be k(-16). Suppose -18*s + f*s = -224. Is 3/4 - (-8204)/s a prime number?
False
Suppose 3*t -